0, o*s = -5*f + 142. List the prime factors of s.
3, 13
Let h = -5 - 6. Let r = -2 - h. List the prime factors of r.
3
Suppose 4*n + 4*p = -40, -4*n + 10*p = 5*p + 40. Let k = n + 27. List the prime factors of k.
17
Let a = 38 + -78. Suppose 0*p = -6*p - 348. Let l = a - p. What are the prime factors of l?
2, 3
Let t be (13 - 12)/((-1)/(-23)). Suppose -13 = -x + t. List the prime factors of x.
2, 3
Let d(j) = j**3 + 6*j**2 + j + 1. Let z be d(-6). Let v = z - -1. Let x = 6 - v. List the prime factors of x.
2, 5
Suppose 2*l - 164 = -30. List the prime factors of l.
67
Let i(s) = -4 - s + 3 + 2 - 3. Let v be 14/(-6)*1*3. List the prime factors of i(v).
5
Let y = -4 - 1. Let z(g) = g**2 - g + 4. List the prime factors of z(y).
2, 17
What are the prime factors of (-1 - (-3)/2)/((-1)/(-152))?
2, 19
Let d(c) = -c**3 - 7*c**2 - c - 4. Suppose 20 = -5*y - s - 2*s, 5*y + 55 = 4*s. List the prime factors of d(y).
3
Let f be (-87)/(-2)*(-32)/(-24). Suppose 2*n - 13 + f = 5*c, -4*c - n + 36 = 0. What are the prime factors of c?
3
Suppose 0 = -r - b - 0*b + 4, 0 = -4*b + 16. Suppose 2*z - 43 = -r*z + x, 3*z - 52 = 4*x. What are the prime factors of z?
2, 3
Let q be 7 + (-2 - 0) + -1. Suppose -131 = -5*k + 4*z, 0 = -q*z + 3 + 1. List the prime factors of k.
3
Suppose 0 = -3*r + 28 + 110. What are the prime factors of r?
2, 23
Let r = 78 + -2. Suppose h + 3*h = 4*n - r, -5*n - 3*h = -63. Suppose -3 = 4*z - n. List the prime factors of z.
3
Suppose 0 = -y + 3*z - 7, 5*z - z = -2*y + 6. Let r be 30*y*3/(-6). Let o = r - 11. What are the prime factors of o?
2
Let s = -68 - -150. Suppose -7*t + s + 37 = 0. What are the prime factors of t?
17
Suppose -64 = -4*s + 2*j, -5*j = -3*s - 3*j + 50. What are the prime factors of s?
2, 7
Suppose -5*a - 54 = -7*a. Suppose 3*q = -6 + a. List the prime factors of q.
7
Let c = 5 + 123. What are the prime factors of c?
2
Let j be -2 - -2 - (3 + -1). Let i be (-1)/(j/(-3*2)). What are the prime factors of (-8)/(-12) + (-31)/i?
11
Let a = -18 - -25. Let u(z) = z**2 - 7*z + 2. Let p be u(a). What are the prime factors of (0 + p/4)*26?
13
Let g(a) = 4*a + 42. What are the prime factors of g(8)?
2, 37
Let o(z) = -9*z - 20. Let v(h) = 13*h + 30. Let u(s) = 8*o(s) + 5*v(s). What are the prime factors of u(-4)?
2, 3
Suppose 0 = -5*o + 4 + 36. Suppose 0 = -3*i + o*i - 10, -i - 38 = -4*k. List the prime factors of k.
2, 5
Let i = 5 - 1. Suppose -a = -z - 8, z = i*a - 19 - 25. List the prime factors of a.
2, 3
Suppose 341 = 4*a - 5*f, -f - 3*f = 2*a - 164. What are the prime factors of a?
2, 3, 7
Let u = -24 + 45. What are the prime factors of u?
3, 7
Let h(s) = -s**2 - 6*s. Let m be h(-6). Let l = 2 - m. List the prime factors of l.
2
Let z(f) = -4*f**3 - f + 2. List the prime factors of z(-2).
2, 3
Let u(a) = a**2 - 21*a + 11. Let o(d) = -d - 1. Let b(x) = 3*o(x) - u(x). What are the prime factors of b(15)?
31
Suppose -489 - 91 = -4*g. Suppose 0 = -4*d + g + 79. Suppose 0 = -m - 3*m + d. What are the prime factors of m?
2, 7
Suppose -4*r + 9*r = 0. Suppose r*g - 3*g = -5*i - 49, 4*g = 3*i + 47. Let q = g - 6. List the prime factors of q.
2
Let b = 8 + -13. Let v be 11/(-2) - b/10. List the prime factors of (-2)/(-1 + v/(-7)).
7
Let j(v) = v**2 + 4*v + 7. Let n be j(-5). Suppose u + n = 5*u. What are the prime factors of u?
3
Let v(y) = -2*y - 2. Let f be v(-2). Suppose 0*b - 46 = -f*b - 3*j, 5*b + 4*j - 129 = 0. List the prime factors of b.
29
Let p = 18 - -1. List the prime factors of p.
19
Let l = -13 - -43. Let g = 1 - -2. Suppose 0 = -8*h + g*h + l. What are the prime factors of h?
2, 3
Suppose -2*a + 0*p = 3*p - 617, p - 309 = -a. What are the prime factors of a?
2, 5, 31
Let b(v) = 2*v**3 + 36*v**2 - 6*v - 26. List the prime factors of b(-18).
2, 41
Suppose -4*j = -37 - 47. Let t = 7 + j. List the prime factors of t.
2, 7
Let l be 2/6 - (-370)/(-30). Let w = l + 19. What are the prime factors of w?
7
Suppose v + 0 - 4 = 0. Let a = -3 + 10. Suppose 7*x - 13 = v*x + c, c = -x + a. What are the prime factors of x?
5
Let h(a) = -4*a - 6. Let v be h(-5). Let w(t) = t**3 - 13*t**2 - 11*t - 17. What are the prime factors of w(v)?
5
Let c(u) be the first derivative of 4*u**3/3 + 3*u**2/2 - 2. Let g(h) = -h**3 + 5*h**2 + 7*h - 8. Let r be g(6). What are the prime factors of c(r)?
2, 5
Let k be (-2 - (2 - 0))/(-2). Suppose 20 = k*l + 3*l. What are the prime factors of l?
2
Suppose 4*p + 8*d - 3*d = 435, 3*p - d = 312. List the prime factors of p.
3, 5, 7
What are the prime factors of 0 - 1 - (-3 - 6 - 7)?
3, 5
What are the prime factors of -3 + (39/(-1))/(-1)?
2, 3
Let t = -5 - -5. Suppose t = r - 12 - 9. What are the prime factors of r?
3, 7
Let f be 62/(-6) - 1/(-3). Suppose b + 2 + 8 = 2*g, -14 = -5*g - 3*b. What are the prime factors of 1 - f/(g + -2)?
2, 3
Suppose 0 = 2*o - a + 1, -o = a - 11 + 4. Suppose -14 = -o*f - 6. Suppose -2*g - 12 = -l, l - 18 + f = 4*g. What are the prime factors of l?
2, 5
Suppose -2*x = -x - 70. List the prime factors of x.
2, 5, 7
Let q(d) = 2*d + 2. What are the prime factors of q(9)?
2, 5
Suppose -5*h - 3*b = -3*h + 7, 4*h + 5*b + 11 = 0. Let o = 2 - -2. Let v = h + o. What are the prime factors of v?
5
Let w = 22 + -13. Let r(m) = m**3 + m**2 + m + 1. Let q(a) = -6*a**3 + 3*a**2 + 3*a - 13. Let n(s) = -q(s) - 5*r(s). List the prime factors of n(w).
17
Let n = 5 - 2. What are the prime factors of (n + -1)/((-2)/(-40))?
2, 5
Let p be (-2 + -2)/2*-1. Suppose -5*t + p = 12, -5*n - 4*t + 42 = 0. List the prime factors of n.
2, 5
Let d(t) be the third derivative of -t**4/6 - t**3 - t**2. Let o be d(-5). Suppose h - 3*h = -o. List the prime factors of h.
7
Suppose -4*f = 2*u - 396, f + 3*u = 9 + 80. List the prime factors of f.
101
Let l be (2 + -3)*(-2 - -1). Suppose -d + l = -2. Suppose -5*r = 4*h - 3*r - 40, 0 = 3*h - d*r - 12. List the prime factors of h.
2
Suppose 4 = t - 0. Suppose 2*d + 20 = 5*h, t*h - 6*h - d = -17. What are the prime factors of h?
2, 3
Suppose -46 = -3*c + 5*h, -3*c - 2*c + 54 = 3*h. Let i = c + -5. List the prime factors of i.
7
Suppose -4*k = -0*q - 5*q + 7, k + 1 = q. List the prime factors of k.
2
Let i(m) = m**2 + 6*m - 1. What are the prime factors of i(-9)?
2, 13
Let w = -5 + -1. What are the prime factors of (-37)/(-3) - w/9?
13
Let i(r) = 4*r**2 - 6*r. Let x(h) = 3*h**2 - 5*h - 1. Let p(c) = -2*i(c) + 3*x(c). Let v be p(4). List the prime factors of 20/6 - v/3.
3
Let n(b) be the second derivative of -b**5/20 - 3*b**4/4 - b**3/2 - 7*b**2/2 + 6*b. What are the prime factors of n(-9)?
2, 5
Let n(d) = d**2 + 6*d - 32. What are the prime factors of n(13)?
5, 43
What are the prime factors of 0/(-6) + 52 + 1?
53
Let t(k) = -k**3 - 6*k**2 - 8*k + 2. Let c be t(-6). Suppose 0 = 4*i + m + 3 - 14, -m + 7 = 3*i. Suppose -i*r = r - c. What are the prime factors of r?
2, 5
Let d be (-10)/(-15) + (-2)/3. Suppose r - 15 = -d*r. What are the prime factors of r?
3, 5
Let r = 39 - 4. Let j = -11 + r. List the prime factors of j.
2, 3
Suppose -2*q + 2 + 6 = 0. Suppose q*u = -v - 2, 5*u - 5*v - 6 = 4. List the prime factors of (6 - 0) + 1 + u.
7
What are the prime factors of -2 + -1 - 28/(-2)?
11
Let r = 21 - 17. Let v = r + 24. What are the prime factors of v?
2, 7
Let l be -21 + 5 - 2/2. Let o = l + 25. List the prime factors of o.
2
Let m(g) = -g**2 - 3. Let k be m(0). Let n be 10/k*12/(-10). Suppose -w = -2*b + 7*b + 7, n*w - 62 = -2*b. What are the prime factors of w?
2, 3
Suppose 173 + 151 = 4*d. What are the prime factors of d?
3
Suppose 0 = 2*a - p - 0 - 23, -p = -3*a + 35. Suppose 2*x - 3*t = -4*t - 2, 5*x - t = -12. What are the prime factors of (-9)/x*32/a?
2, 3
Suppose -3*t = d - 271, 192 = 5*t - 3*t - 5*d. What are the prime factors of t?
7, 13
What are the prime factors of (0 - -15)*33/9?
5, 11
Suppose 3*z = 3*d - 21, -z + 4 = -2*d - 5*z. Suppose 5*b + 5*g = 40, 29 - 6 = d*b + g. Suppose -b*i - 3 + 23 = 0. List the prime factors of i.
2
Suppose 0 = 3*c - 5 + 17. What are the prime factors of 3*(-1 + 3 - c)?
2, 3
Let q(n) = 2*n - 3. Let b(i) = -6*i + 8. Let g(m) = -5*b(m) - 14*q(m). List the prime factors of g(6).
2, 7
Let a(r) = 9*r + 17. What are the prime factors of a(9)?
2, 7
Suppose q - 30 = -3*z + 7, 0 = 2*q + 4*z - 82. What are the prime factors of q?
7
Let a = -122 - -34